 Suppose -2*n + 765 - 185 = -2*i, -3*n = -2*i - 870. Suppose 0*k - n = -h*k. Is k a prime number?
False
Let i = -364676 - -531685. Is i a composite number?
False
Let l = 572223 + -175390. Is l a prime number?
True
Suppose 2*v - 3*h - 210673 = 211080, 4*h - 210849 = -v. Is v prime?
True
Is 2/(3 + -9) - (-18490150)/75 prime?
False
Suppose -3*z - 17 + 44 = 0. Suppose z = -w + 4*w, -2*w = -i + 227. Is i a composite number?
False
Suppose 461310 + 117587 = 11*j. Is j a composite number?
False
Let f(j) = 7085*j - 639. Is f(4) prime?
True
Suppose -4*t - 35 = -3*c - 20, 2*t + 3*c = 15. Let x(a) = -4*a**2 + 5039. Is x(t) a composite number?
False
Let y(d) = 2*d + 3. Let j be y(1). Is 21006/j + 4/(-20) a composite number?
False
Let w = -89185 - -177668. Is w a prime number?
False
Suppose g - 1218 = 252. Suppose 0*m = -t + m + 370, -4*t - m + g = 0. Let q = t - 249. Is q composite?
True
Let r = -306 - -314. Let o(m) = -m**3 + 19*m**2 - 15*m + 3. Is o(r) a prime number?
True
Suppose -3123*b + 3126*b = 3*u + 988344, 0 = 5*b - u - 1647260. Is b a prime number?
False
Let h = -265 - -382. Suppose 424 + h = z. Is z prime?
True
Suppose 22 = 3*p + 10. Suppose d + 5*u - 863 = u, -u = -p*d + 3503. Suppose 3*z - 881 = 4*k, 0 = -0*z - 3*z + k + d. Is z a composite number?
True
Suppose -128*z + 36218132 = -8095596. Is z a prime number?
True
Suppose -f = 3, -2*f = -7*l + 12*l - 5815049. Is l composite?
False
Is (-29 - (-58 + 33))*(-54598)/8 a prime number?
True
Suppose 5*f + 9 = m - 108, 2*m + 3*f - 208 = 0. Suppose 120*k = m*k + 123643. Is k a composite number?
False
Let y(f) = 280*f + 5. Let r = 43 - 18. Suppose -13*g + 8*g = -r. Is y(g) prime?
False
Is (((-147538827)/108)/(-31))/((-3)/(-8)) prime?
False
Let a = -471 - -476. Is ((-68705)/(-10) + a)/(2/4) a composite number?
False
Let r(w) = -w**2 + 31*w - 130. Let c be r(26). Suppose 5*a - 55393 - 54742 = c. Is a a composite number?
False
Let p = -87 - -91. Suppose -p*h + 8*k - 4*k = -240, 5*h - k = 316. Suppose 66*u - h*u = 1042. Is u prime?
True
Let z(i) = i + 1. Let y(s) = -164*s - 20. Let h(d) = y(d) + 16*z(d). Let w be h(16). Let j = w - -5179. Is j a prime number?
False
Suppose -17 = a - 18. Suppose a = 9*g - 26. Suppose 5*f - 420 = -g*u + 4*u, -3*f + 259 = -2*u. Is f a prime number?
True
Let d(m) = 15 - 3*m + 91*m + 4*m**2 + 14 + 8. Is d(15) a composite number?
True
Let x be 2608005/90 - (-4)/24. Suppose x = 2*r - 4*l, 0*r + 3*l = 3*r - 43467. Is r a composite number?
False
Suppose -23*r + 19*r + 15012 = 0. Let u = r - 2109. Suppose 4*g - 1652 = -4*b, b + u = 4*g + 3*b. Is g a composite number?
False
Let g = -22746 + 51023. Is g prime?
True
Let q(n) = 131722*n - 1511. Is q(1) a prime number?
True
Let n be 4/(-26) + 63/(-13). Suppose 4*s + 2052 + 1556 = 0. Is -3*n/(-30)*s a composite number?
True
Let v = 8610 + 3899. Is v a composite number?
True
Let a(f) = 15830*f**2 + 5*f - 2. Is a(-3) prime?
True
Is (8951/(-2))/((-58)/580) prime?
False
Let m(p) = 231*p**2 + 6*p - 14. Let h = -61 - -56. Is m(h) a prime number?
False
Suppose 0 = -3*t - 3*k + 480171, 2*t - 496*k + 499*k - 320112 = 0. Is t composite?
True
Suppose -43 = -2*z - 55. Let f(u) = -807*u + 235. Is f(z) a prime number?
True
Suppose 5*t = -4*p + 180673, 0*p + 7*p - 108390 = -3*t. Is t prime?
True
Let x(s) = -2*s + 21. Let f be x(9). Let d(r) = 251*r**3 + 11*r - 5. Is d(f) a prime number?
False
Suppose -4*r + 9*r - 25 = -5*j, -5*j - 2 = -4*r. Suppose 0 = -66*q + 71*q - 5*t - 73485, j*t = -8. Is q prime?
False
Suppose -11*o + 95 = -37. Suppose u - 15 = o. Suppose 0 = 22*j - u*j + 6730. Is j a composite number?
True
Let o(f) = f**3 + 70*f**2 + 76*f + 173. Is o(42) a composite number?
True
Let q be 2/4*(1 - -39). Let w be (-8)/6 - ((-245)/(-21) - 4). Is 1 + q/(-12) - 19617/w a prime number?
True
Let a(v) = -3*v**2 - 4*v + 15. Let k(g) = -g**3 - 2*g**2 + 4*g + 10. Let i be k(-3). Let z be a(i). Is 9*108/5 - (-64)/z a prime number?
False
Let t = -795 - -817. Suppose t*i - 17*i + 10099 = 2*z, -5*z + 5*i + 25225 = 0. Is z a composite number?
True
Suppose -9035 = -9*m + 14*m. Let h = 3144 + m. Suppose -56*u = -57*u + h. Is u composite?
True
Let s(b) = 1615*b**2 + 3*b + 28. Let p be s(-4). Suppose 15399 = 2*k - 2*l + 2469, -5*l = -4*k + p. Is k prime?
True
Let d be ((-2)/4)/((-5)/(-60)). Let t(z) = 105*z**2 - 4*z + 10. Is t(d) a prime number?
False
Let l be (-11982)/15 - 30/25. Let u(x) = -101*x + 2. Let g be u(3). Let d = g - l. Is d prime?
True
Let l be ((-15)/(-9))/(2/6). Let w(z) = -7*z**2 + z - 5. Let g(s) = 8*s**2 - 2*s + 6. Let o(h) = l*g(h) + 4*w(h). Is o(4) prime?
False
Suppose 0 = 115*b - 182*b + 11953202. Is b composite?
True
Let o(y) = -42637*y + 447. Is o(-2) a prime number?
False
Let p(n) = -106*n**3 - 6*n**2 - 10*n - 57. Let a be p(-9). Suppose 40338 = 21*b - a. Is b a composite number?
True
Let h be (-4 - (1 + 13/(-3)))*-7458. Suppose -3*w + h = u, w + 2*u + 102 = 1761. Is w prime?
True
Let x = 23430 + -16088. Is x a composite number?
True
Suppose 277 = 2*y - 5*t, -2*t - t = -3. Suppose 1299 + y = 5*a. Suppose -n = -a - 395. Is n a prime number?
True
Suppose -11*j - 168 = -15*j. Suppose -j*o = -39*o - 45. Suppose 0 = -o*k + 5*k + 1390. Is k a composite number?
False
Suppose -3*x - 12 = 0, 2*n - 8069 = 3*x + 132669. Is n a prime number?
False
Suppose -2 - 2 = -2*p - 2*t, 4*p - t - 33 = 0. Suppose -s = -3*s + p*s. Suppose s = -2*y + y + 443. Is y a composite number?
False
Let p = 55601 - 2778. Is p a prime number?
False
Let h(m) = 2468*m**2 - 6*m + 37. Let j be h(4). Suppose 7*l = 3*d + 3*l - j, 0 = 5*d + 5*l - 65800. Is d composite?
False
Suppose 2 = -f, 5*g - 4*f - 373 = 465. Suppose 160*p = g*p - 18282. Is p composite?
True
Let y = -50 - -58. Suppose 0*o + y*o = 6296. Is o a prime number?
True
Suppose 5*i - 68995 = -3*c, 5*i + 125*c - 68995 = 129*c. Is i a prime number?
True
Suppose -22*t = -353812 + 15254. Is t prime?
False
Is 1488049/4 - (-1254)/1672 a prime number?
True
Let x(o) = 92*o**2 + 3*o + 5. Let r be 6/(-4)*6/27*-6. Suppose 4 = -r*p - 4. Is x(p) prime?
False
Let g = 60 - 40. Let j(f) be the first derivative of 5*f**3/3 - 12*f**2 - 23*f - 1628. Is j(g) a prime number?
False
Suppose -38022 + 1702461 = 27*s - 6*s. Is s composite?
False
Let p(d) = 9412*d - 3. Let i(f) = 3*f + 13. Let b be i(-4). Is p(b) prime?
False
Suppose 11*j = 8*j + z + 425872, -j + 141954 = -z. Suppose -35593 = 26*d - j. Is d a prime number?
True
Suppose 58004 = 20*w + 7624. Is w composite?
True
Let z = -7110 - -5994. Let j = 636 + -1031. Let i = j - z. Is i a prime number?
False
Suppose 2*w - 2 = w - 4*f, 4*w + 2*f - 22 = 0. Is 8618/4 - 1/4*w prime?
True
Let v(r) = 4*r**3 - 5*r**2 + 4*r + 12. Suppose 4*q + 29 - 109 = 5*m, q - 3*m = 13. Suppose -5*n + 32 = 4*h - 13, 4*n - q = -h. Is v(n) a composite number?
True
Let w(i) = 31 + 1099*i**3 + i**2 - 4*i - 12*i + 1230*i**3. Is w(2) a prime number?
False
Suppose 5*w + 5*a = 1240, -5*w - 2*a + 4*a = -1226. Let y = 86 - w. Let h = y - -317. Is h prime?
True
Suppose -17*y = 3*y - 20. Is (-3 - 1) + (y - -11200) + 0 a composite number?
False
Let i = -13039 - -28008. Is i a prime number?
True
Let h(a) = 4*a + 16. Let g be h(-4). Suppose y - 1831 = -g*y - 2*z, 5538 = 3*y - 3*z. Suppose y = 5*l - 14474. Is l prime?
False
Let f(v) = -15906*v**3 - 2*v**2 + 3. Is f(-1) prime?
True
Suppose -176*k = -175*k + 4*l - 42035, -4*k + 168242 = -l. Is k composite?
True
Let d(s) = 5941*s + 933. Is d(26) a composite number?
False
Let z be ((-2)/6)/((-12)/72). Suppose -8 = -2*x - 4*v, 0 = -2*x - v + 4 - z. Suppose 0 = 5*u - 4*k - 1969, -k + 1195 = 3*u - x*k. Is u composite?
False
Let h be ((-2)/3)/((-2)/(-3)). Let b be (h/1)/(1*(-4)/20). Suppose 338 = b*k - 4*z - 2131, -20 = -5*z. Is k composite?
True
Suppose -393*i = -385*i - 24. Let k(v) = -4 + 2 + 1725*v - 26. Is k(i) prime?
True
Suppose -9*c - 15 = -51. Suppose 5 + 3 = c*x. Suppose 0*p = -x*p + 682. Is p a composite number?
True
Suppose 0*m + 55187 = 2*m - b, 2*m - 55181 = 3*b. Suppose 183*o - 178*o = m. Is o a composite number?
False
Let j = 153 - 141. Is (109/4 + 0)*j a composite number?
True
Suppose 0*y - 5*y - 2153 = w, 4300 = -2*w - 4*y. Let a = 391 - w. Is a composite?
False
Let y = 58557 - 34283. Let w = y + -17171. Is w a composite number?
False
Suppose 4*r - 32 = -4*m, -4*r + 2*m